79).
12
Let x(a) = 134*a**2 + a - 1. What is x(1)?
134
Let j(k) = -278*k - 2535. Calculate j(-8).
-311
Let n(j) = -92*j - 13. Determine n(3).
-289
Let w(a) = 47*a**2 + 35*a + 6. Determine w(-1).
18
Let x(z) = -10*z - 2. Determine x(3).
-32
Let f(t) = 229*t - 6642. Determine f(29).
-1
Let l(i) = -8*i**3 - i**2 - i + 2. Calculate l(1).
-8
Let d(j) = -40*j + 9757. Determine d(244).
-3
Let l(s) = s - 28. Calculate l(-7).
-35
Let a(s) = -302*s**3 - 11*s**2 - 4*s + 2. Calculate a(-1).
297
Let a(m) = m**2 + 29*m + 159. Calculate a(-7).
5
Let h(s) = s**3 + 31*s**2 - 63*s - 54. Calculate h(-33).
-153
Let h(m) = m**2 + 634*m - 24879. Calculate h(37).
-52
Let k(b) = 5*b**2 + 67*b + 168. What is k(-10)?
-2
Let y(h) = h**2 + 43*h + 348. Determine y(-32).
-4
Let x(o) = o**3 + 87*o**2 + 91*o + 411. What is x(-86)?
-19
Let z(y) = y**2 - 22*y - 80. Calculate z(26).
24
Let o(g) = 33*g + 970. Give o(-30).
-20
Let b(y) = -43*y**2 - 4*y - 4. What is b(-3)?
-379
Let m(a) = -9*a**2 - 4285*a + 4286. Determine m(1).
-8
Let a(m) = 237*m + 4746. Determine a(-20).
6
Let i(y) = -11*y + 103. Determine i(-12).
235
Let h(i) = -24*i**2 + 2*i + 7. Determine h(3).
-203
Let a(f) = f**3 + 12*f**2 - 36*f + 14. Give a(2).
-2
Let o(l) = -620*l + 27917. Determine o(45).
17
Let q(m) = 2*m**3 - 174*m**2 + 3*m - 220. Give q(87).
41
Let n(l) = 21*l**2 + 112*l - 341. Give n(3).
184
Let x(m) = m**3 + 13*m**2 + 30*m - 31. Determine x(-10).
-31
Let b(p) = -3*p - 81. Calculate b(-29).
6
Let x(v) = v**2 + 22*v + 127. Give x(-14).
15
Let w(u) = -3*u**3 + 1548*u**2 - 7663*u - 10. Determine w(5).
0
Let u(d) = -d**2 - 55*d - 460. What is u(-10)?
-10
Let x(r) = -2*r**2 + 26*r + 184. Calculate x(19).
-44
Let c(o) = -50*o + 2353. Determine c(48).
-47
Let o(i) = 4935*i - 103653. Determine o(21).
-18
Let r(k) = 3*k**2 + 124*k + 1264. What is r(-19)?
-9
Let g(r) = -102*r + 1433. What is g(14)?
5
Let a(o) = 9*o**2 - 394*o - 96. Determine a(44).
-8
Let k(s) = -20*s**3 - 6*s**2 + s + 6. Calculate k(-1).
19
Let t(a) = 407*a + 67. Calculate t(0).
67
Let a(j) = -5*j**2 + 134*j - 14. Give a(29).
-333
Let l(x) = 665*x + 3238. What is l(-5)?
-87
Let h(n) = -2*n**3 + 13*n**2 + 9*n + 9. Give h(7).
23
Let z(v) = -v**3 + 5*v**2 + 95*v - 571. Determine z(8).
-3
Let q(s) = s**3 - 15*s**2 - 16*s + 307. Give q(16).
307
Let n(o) = -3*o**3 - 10*o**2 + 33*o - 56. What is n(5)?
-516
Let c(o) = 5*o**3 + 350*o**2 + o + 9. What is c(-70)?
-61
Let l(u) = 194*u + 7874. Give l(-40).
114
Let l(v) = 51*v - 2697. What is l(53)?
6
Let v(t) = -2*t**2 - 35*t + 66. Determine v(2).
-12
Let y(f) = 6*f**3 - 38*f**2 + 11*f - 3. Calculate y(6).
-9
Let k(l) = l**3 - 4*l**2 - 47*l + 211. Calculate k(7).
29
Let v(n) = n**3 + 13*n**2 + 45*n + 137. Calculate v(-10).
-13
Let c(a) = 5*a**2 - 31*a - 82. Determine c(-2).
0
Let c(s) = 4*s**3 - 114*s**2 - 43*s + 77. What is c(29)?
512
Let n(m) = 3*m**2 - 102*m - 85. What is n(35)?
20
Let k(v) = 453*v - 34883. Determine k(77).
-2
Let q(z) = -2*z**3 + 33*z**2 + 21*z - 67. Calculate q(17).
1
Let b(q) = -7*q - 406. What is b(-63)?
35
Let h(k) = k**3 - 4*k**2 - 24*k - 27. Give h(7).
-48
Let l(z) = -18*z**3 - 93*z**2 - 17*z - 12. Give l(-5).
-2
Let h(r) = r**3 + 18*r**2 - 10*r + 617. Determine h(-20).
17
Let j(d) = -d**3 + 44*d**2 + 2324*d + 46. Determine j(75).
-29
Let x(i) = -i**3 - 51*i**2 - 45*i + 200. What is x(-50)?
-50
Let w(z) = 3*z - 232. Calculate w(-5).
-247
Let d(k) = 25*k + 257. Give d(-12).
-43
Let l(g) = -58*g**2 - 753*g + 2. What is l(-13)?
-11
Let y(q) = -q**2 + 45*q + 2424. What is y(77)?
-40
Let w(x) = 2*x + 54. Give w(10).
74
Let l(v) = -2*v**2 + 17*v - 19. Calculate l(1).
-4
Let c(f) = 2*f**3 - 246*f**2 + 483*f - 156. Give c(121).
-277
Let t(v) = -v**3 - 13*v**2 - 20*v + 52. Give t(-11).
30
Let m(i) = 30*i - 1232. Give m(41).
-2
Let i(n) = -n - 69. Calculate i(-29).
-40
Let b(o) = o**3 - 45*o**2 - 87*o + 1840. What is b(46)?
-46
Let w(l) = 14*l**2 - 177*l - 183. Calculate w(-1).
8
Let v(a) = 64*a - 102. Give v(4).
154
Let a(h) = -h**3 + 13*h**2 - 3*h - 32. Determine a(13).
-71
Let l(q) = q**3 - 26*q**2 + 141*q + 21. Determine l(8).
-3
Let d(q) = -q**2 + 77*q + 405. What is d(85)?
-275
Let o(c) = -24*c + 138. Determine o(8).
-54
Let y(g) = -11*g + 38. Calculate y(2).
16
Let p(o) = -6*o**3 - 6*o**2 - 13*o + 8. Determine p(-3).
155
Let v(p) = -696*p - 4175. Calculate v(-6).
1
Let t(h) = -h**3 - 10*h**2 - 5*h - 12. Give t(-8).
-100
Let h(s) = -s**3 - 11*s**2 + 74*s + 624. Calculate h(-6).
0
Let m(r) = -272*r - 4. Determine m(1).
-276
Let o(x) = -145*x + 297. Give o(2).
7
Let c(z) = 1239*z - 26042. Give c(21).
-23
Let h(o) = -o**3 + 40*o**2 - 42*o + 120. Give h(39).
3
Let q(k) = k**3 - 18*k**2 + 6*k + 106. What is q(17)?
-81
Let g(p) = 15*p**2 - 34*p - 39. What is g(-1)?
10
Let m(f) = f**3 - 32*f**2 + 230*f - 31. Give m(18).
-427
Let j(d) = -2*d**3 + 14*d**2 - 50*d + 227. What is j(6)?
-1
Let r(y) = -311*y + 1. What is r(0)?
1
Let q(x) = x**3 + 46*x**2 + 423*x - 1292. Determine q(-31).
10
Let i(q) = q**3 + 12*q**2 + 3*q + 127. Calculate i(-13).
-81
Let q(z) = 504*z + 26702. Give q(-53).
-10
Let i(w) = -4*w**2 - 24*w + 42. What is i(-8)?
-22
Let y(m) = 4*m**3 + 2*m**2 + 47*m + 144. Calculate y(-3).
-87
Let v(l) = 36*l + 1809. Give v(-47).
117
Let x(t) = 13*t**2 + 44*t - 6. Calculate x(0).
-6
Let o(i) = -8*i + 184. What is o(21)?
16
Let u(a) = -18*a**3 - 2*a**2 - 55*a - 55. What is u(-1)?
16
Let w(g) = 3*g**3 - 44*g**2 - 14*g + 1. What is w(15)?
16
Let y(n) = -n**3 - 31*n**2 - 50*n + 225. What is y(-29)?
-7
Let o(h) = -6*h + 168. Give o(40).
-72
Let b(p) = p**3 + 95*p**2 + 104*p + 963. Give b(-94).
23
Let a(b) = -b**3 - 8*b**2 - 6*b + 21. Give a(-7).
14
Let l(o) = -399*o - 806. Determine l(-2).
-8
Let h(j) = -4*j**3 + 114*j**2 + 59*j - 25. What is h(29)?
4
Let a(v) = 14*v**2 + 28*v. Calculate a(-3).
42
Let m(q) = -28*q**3 - 3*q**2 - 334*q + 336. Determine m(1).
-29
Let g(u) = u**3 + 8*u**2 - 28*u - 62. What is g(-10)?
18
Let y(f) = -467*f + 10742. Give y(23).
1
Let z(a) = a**3 - 16*a**2 + 21*a - 98. What is z(15)?
-8
Let s(c) = 133*c + 1730. Calculate s(-13).
1
Let b(d) = d**2 + 21*d - 107. Give b(-23).
-61
Let f(u) = 12*u**3 - 14*u**2 - u - 2. Calculate f(-2).
-152
Let d(k) = -k**3 + 17*k**2 + 8*k + 69. Calculate d(18).
-111
Let m(o) = 3*o**3 + 28*o**2 + 55*o - 51. Calculate m(-5).
-1
Let q(w) = -108*w**3 - 6*w**2 - 6*w + 1. Give q(-1).
109
Let s(o) = o**3 + 35*o**2 - 1724*o - 60769. Give s(-36).
-1
Let y(f) = -2*f**3 + 6*f**2 - 12*f + 19. Give y(5).
-141
Let u(o) = -11*o**2 + 8*o + 2. Give u(2).
-26
Let g(j) = 42*j + 1032. What is g(-28)?
-144
Let n(s) = -537*s + 21. Give n(1).
-516
Let n(l) = -10*l + 156. What is n(18)?
-24
Let l(r) = -r**3 + 26*r**2 - 23*r - 52. What is l(25)?
-2
Let o(x) = -2*x - 47. Give o(39).
-125
Let w(j) = -1117*j + 10037. Give w(9).
-16
Let o(x) = x**3 + 9*x**2 + 8*x + 88. Determine o(-8).
88
Let o(c) = 185*c - 191. What is o(2)?
179
Let a(k) = 40*k - 3204. What is a(70)?
-404
Let j(f) = f**3 - 19*f**2 + 81*f + 2. Calculate j(13).
41
Let n(d) = -d**2 + 9*d + 352. Calculate n(-15).
-8
Let k(t) = -2*t**3 - 47*t**2 - 64*t + 47. Determine k(-22).
3
Let i(g) = 16*g**3 - 4*g**2 - 7*g - 7. Give i(-2).
-137
Let h(x) = x**3 + 9*x**2 + 2*x - 1. Calculate h(5).
359
Let p(u) = 7*u + 33. Calculate p(-21).
-114
Let f(j) = 551*j + 3304. Calculate f(-6).
-2
Let s(t) = 2*t**2 - 905*t - 4531. Calculate s(-5).
44
Let i(r) = -182*r - 9655. What is i(-53)?
-9
Let w(k) = k**3 + 77*k**2 + 224*k + 168. Calculate w(-74).
20
Let u(v) = 3*v**2 + 69*v + 370. Calculate u(-5).
100
Let z(q) = 110*q - 249. What is z(4)?
191
Let y(o) = -149*o - 7154. Determine y(-48).
-2
Let n(p) = -p**3 + 11*p**2 + 180*p - 71. Determine n(20).
-71
Let s(q) = -3*q + 62. Calculate s(-22).
128
Let m(r) = -20*r + 202. Give m(11).
-18
Let m(i) = -i**3 + 2*i**2 + 3*i + 107. What is m(0)?
107
Let k(v) = 119*v + 1375. What is k(-13)?
-172
Let p(x) = -x**3 - 2*x**2 + 68*x + 16. Determine p(7).
51
Let v(g) = 7*g**2 - 331*g + 74. Give v(47).
-20
Let r(y) = 1424*y - 41271. Give r(29).
25
Let t(z) = -2*z**2 - 39*z + 581. Determine t(-25).
306
Let f(j) = 5*j - 97. Give f(17).
-12
Let z(t) = -14*t**2 - 7*t - 49. Calculate z(4).
-301
Let y(h) = h**2 - 7*h - 870. Give y(-26).
-12
Let b(g) = -134*g + 12851. Give b(96).
-13
Let 